late o(m).
-6
Suppose -4*k = -2*n - 8, -k + 2*k - 2 = -3*n. Suppose 0 = -c - k*c - 6. Let s(b) = b**3 + b**2 + 2*b. Calculate s(c).
-8
Let k(h) = -4*h**2 + h + 3. Let z(a) = 5*a**2 - 2*a - 3. Let p(b) = 4*k(b) + 3*z(b). Determine p(2).
-5
Let v = -36 + 42. Let k(c) = c**3 + c**2 + 1. Let n(m) = -4*m**3 - 10*m**2 - 7*m - 4. Let g(s) = 5*k(s) + n(s). What is g(v)?
-5
Let p(o) = -o + 1. Let j(x) = 2*x - 10. Let w be j(2). What is p(w)?
7
Let c(r) = r**2 + 2*r. Let f(v) = 2*v - 6*v**2 + 5*v**2 + 8*v + 2*v**2 - 16. Let t be f(-11). What is c(t)?
15
Let d(r) = -r**3 - 2*r**2 + r - 1. Let o be d(-3). Suppose 0*y - o*y = 0. Let v(z) = -5*z**2 + 0*z**2 + y*z + z. Calculate v(1).
-4
Let b(u) = -u**3. Let w be b(-2). Let q(r) = r**2 - 8*r - 6. Let x be q(w). Let v(t) = 2*t + 9. Give v(x).
-3
Let l(k) = -4*k + 1. Let o(p) = p**3 + 8*p**2 - 21*p - 4. Let s be o(-10). What is l(s)?
-23
Let q(f) = 7 - 1 - 3 - 2 + f. Let s be 1 - (2 + 6/3). Calculate q(s).
-2
Let l(w) = w**2 + 19*w - 17. Let j be l(-20). Let k(q) = q - 1. Determine k(j).
2
Let w(t) = t + 4. Suppose 6 = 2*a - 24. Let s = a - 21. Let c be (-4)/(-6) - (-16)/s. Determine w(c).
2
Suppose 3*q = -4*v - 2 - 2, 3*q - 5*v = 32. Let j = -3 + q. Let z(r) = -4*r + 0*r + 6*r - r + j. Give z(2).
3
Let i(v) = -v**2 + 7*v - 5. Let t be i(5). Let l(f) be the first derivative of 5*f - 5/3*f**3 + 1/4*f**4 - 1/2*f**2 - 2. What is l(t)?
0
Let n(p) = p + 5. Let a = 22 - 28. Calculate n(a).
-1
Suppose -4*f - 27 = 5*r, -5*r + 0*f + 2*f = 9. Suppose -5*z + 4*g = -1 - 35, 3*g - 4 = -4*z. Let c(t) = 2*t + z*t + 1 - 5*t. What is c(r)?
-2
Let q(w) be the third derivative of w**6/120 - w**5/15 - 7*w**4/24 - w**3/6 + w**2. Suppose 2*y + 2*s = 0, 2*s = 5*y + s - 30. Give q(y).
-11
Suppose 2*v = 2*t, -t = 3*t + 4*v + 16. Let i(n) = -n**3 + 2*n. Determine i(t).
4
Let j(s) = 3*s**3 - 19*s**2 - 18*s + 19. Let b(a) = a**3 - 6*a**2 - 6*a + 6. Suppose 0 = 4*y - 0*y - 28. Let z(v) = y*b(v) - 2*j(v). Calculate z(5).
-1
Let d be (0 - 2/(-2)) + 1. Suppose 6 - d = -w. Let k(m) = 3 + 2*m + 0 + 1. Calculate k(w).
-4
Let r(u) = u + 4. Let y be (-2)/(-5) + 69/15. Suppose -2*h + 3*f + 9 = 3*h, y*f = -2*h + 16. What is r(h)?
7
Let o(v) = 2*v. Let q(t) = t**3 - 7*t**2 - t + 5. Let m be q(7). Let b be o(m). Let p(a) = -a**3 - 4*a**2 + a + 1. Determine p(b).
-3
Let r(w) be the first derivative of -7*w**3/3 - 16. What is r(-1)?
-7
Suppose 0 = -4*k + 2*w + 16, 3*k + 5*w = -0*k + 12. Let h(z) = -z**2 - k*z - 2*z - 4 + 0*z + 2*z. Determine h(-5).
-9
Let c(j) = j**2 + j. Let k = 1 - -5. Suppose 2*m = 5*t - k, 2*t = 7*t - 3*m - 9. Suppose t*u = u - 1. Calculate c(u).
2
Let x(q) = 2*q**2 - q + 1. Let c be (-4)/8*(-4 + -2). Calculate x(c).
16
Let i(o) = -11*o**2 + 11*o + 20. Let h(j) = -4*j**2 + 4*j + 7. Let m(t) = 8*h(t) - 3*i(t). Let d = 60 + -32. Let v be 3/7 - 12/d. What is m(v)?
-4
Let d(x) be the first derivative of -x**6/360 + x**5/40 + x**4/8 + x**3/3 - 1. Let y(c) be the third derivative of d(c). Suppose -s - 1 + 5 = 0. Give y(s).
-1
Let h(o) = 4*o**2 - o - 1. Suppose -5*f - w - 3 = 0, -4*w = -4*f - 4 - 8. Calculate h(f).
4
Suppose 0 = -8*c + 4*c + d + 20, 5*d = 2*c + 8. Let s(l) = l**2 - 5*l. Let m be s(c). Let o(y) = -1 - 2 - 2*y + m. Determine o(-3).
9
Suppose -85 = -5*d - 5*v, -d - v - 2*v = -23. Let f = -20 + d. Let y(o) = -o**2 - 6*o - 5. Determine y(f).
-5
Let r(d) = 6*d**2 - 9*d - 14. Let c(j) = -5*j**2 + 8*j + 12. Let z(p) = 5*c(p) + 4*r(p). What is z(5)?
-1
Suppose -2*r - 6 = -2*b, 3*r + 5*b + 24 - 7 = 0. Let d(z) = z**3 + 3*z**2 - 5*z - 3. Let u be d(r). Let p(l) = 3 - 3 - 8*l. Determine p(u).
-8
Let o(r) = r - 1. Let v = 10 - 6. Determine o(v).
3
Let k(h) = h - 1. Let f(z) = 4*z - 10. Let s(a) = -a + 4. Let b be s(2). Let q(o) = b*k(o) - f(o). Calculate q(6).
-4
Let s(f) = 2*f**3 + 2*f**2 - 2*f. Let o = -4 - -5. Let k be 1 - (2/o + 1). Calculate s(k).
-4
Let i(h) be the first derivative of -h**7/840 - h**6/360 + h**5/120 - h**4/12 - h**3/3 + 4. Let o(l) be the third derivative of i(l). Give o(-2).
0
Let z(l) = l + 7. Let w be z(-9). Let b = w + 2. Let q(f) = f**3 - f - 6. Determine q(b).
-6
Suppose 5*b - 129 = -14. Suppose 2 + b = 5*h. Let t(v) = 2*v - 1. What is t(h)?
9
Let i(m) = -7*m**3 - 8*m**2 - 7*m - 4. Let z = 0 - -5. Let w(y) = -11*y**3 - 12*y**2 - 11*y - 6. Let v(c) = z*w(c) - 8*i(c). Determine v(-3).
8
Let x = 5 - 6. Let t be (-8 + 0 + x)*1. Let v be 2/(24/t - -2). Let y(r) = -r**3 - 3*r**2 + 4*r + 4. Determine y(v).
-8
Let r(j) = -6*j + 4. Suppose -7*q = -24 + 3. Determine r(q).
-14
Let y(c) = 6*c + 0 + 9 - 5 - 6. Give y(3).
16
Let c(s) = -4*s**2 + 3*s**2 + s + 0*s - 2 + 0. Give c(-2).
-8
Let n(l) = -5*l - 6. Let b(o) = -8*o - 7. Let d(u) = -4*u - 4. Let p(s) = -2*b(s) + 5*d(s). Let q(z) = -5*n(z) + 6*p(z). Give q(5).
-1
Let c be (1 - 0)*(-1)/1. Let h(i) = -5*i + 2. Let n(t) = -4*t + 2. Suppose 4*f = 3*g - 34, 0*f + 5*f = g - 26. Let w(p) = g*n(p) - 5*h(p). What is w(c)?
1
Let c(m) = -m - 2. Let z be c(-4). Suppose l + 0*l + g = 0, -30 = -3*l + 3*g. Let p(k) = -5 + l*k**2 - 4*k**2 - 4*k**3 + k**3 + z*k**3. Determine p(0).
-5
Let s(b) = b**2 - 8*b + 2. Let p be (-3)/(-1) - 8/(-2). Calculate s(p).
-5
Let v = -17 - -28. Suppose -5*f + v = -14, 2*p + 7 = f. Let b(m) = 4*m - 1. What is b(p)?
-5
Suppose t + 10 = -t. Let l(u) = 4 + 0*u - 3 - u - 7. What is l(t)?
-1
Let i(u) = 5*u**3 + u**2 - 1. Let l be 0 - 1/1*-1. Give i(l).
5
Let d(a) be the first derivative of a**3/3 + 5*a**2/2 - 6*a + 4. Give d(-5).
-6
Let o(v) = 0*v - 4*v - 6 + 1 + v**2. Let x(h) = h**3 + 4*h**2 + h - 1. Let d be x(-3). What is o(d)?
0
Let c = 1 + 1. Suppose -2*a = 3*w - 6*w - 13, 4*a = -2*w + c. Let p(b) = b - a*b - b**2 + b. Give p(1).
-1
Let m(k) = 2*k - 10. Let r be m(7). Let d(g) = -g - 2. Let o(u) = 1. Let i(t) = -d(t) - 2*o(t). What is i(r)?
4
Let u = -28 - -48. Suppose u = -3*n + 4*n. Suppose 0 = -4*p + n. Let r(y) = -y**3 + 4*y**2 + 3*y + 3. What is r(p)?
-7
Let g(f) = -5*f**2 - f**2 + 7*f + 0*f**3 + 0*f**2 - 1 + f**3. Suppose -2*h + 6 = 26. Let r = -5 - h. Determine g(r).
9
Suppose 2*w + 3 = 3*w. Let u = 5 - w. Let f(b) = 2*b + b**3 + b - u*b**2 + 6*b**2 + 5. Determine f(-4).
-7
Let u(j) = -j + 1. Let v = 124 - 127. What is u(v)?
4
Let g(a) = -4*a - 3 + 17*a**2 + 18*a**2 - 34*a**2. What is g(5)?
2
Let m(k) = -k**2 - 5*k + 9. Let p be m(2). Let i(s) = 5*s - 1. Determine i(p).
-26
Let t = 6 + -4. Let b(j) = -4*j**2 + 2*j**t + 5 - 5*j - 8. Suppose 0*q - 6 = q - 3*n, -q + n - 4 = 0. What is b(q)?
-6
Suppose 0 = -h + 3*h. Let n be -6 - -8 - (2 + -1). Let m(a) = 3 - a - 1 + 1 - n. Calculate m(h).
2
Let q(r) = r**2 - 1. Suppose -3*p - 2*p - 10 = 0. What is q(p)?
3
Suppose 0 = -5*h - 5*l - 10, -2*h - 13 = -0*h + 5*l. Let w be 5/(-4)*4*-1. Let p = w - h. Let s(u) = u + 2. Calculate s(p).
6
Let s be 12/54 - (-112)/(-18). Let f(h) = -h**2 - 7*h. Let d(k) = -2*k**2 - 15*k - 1. Let i(m) = -3*d(m) + 7*f(m). Calculate i(s).
-9
Let u(n) = -n + 3. Let d be u(3). Let c(x) = x**3 - x**2 + 1. Let g(z) = -3*z**3 + 3*z**2 + 14. Let q(s) = -4*c(s) - g(s). What is q(d)?
-18
Let i(j) = 5*j**3 - 3*j**2 - 7*j - 3. Let q(l) = 14*l**3 - 9*l**2 - 20*l - 8. Let t(f) = 11*i(f) - 4*q(f). Give t(3).
8
Let r(a) = -a**3 - 4*a**2 - a + 3. Let h = -3 - 0. Determine r(h).
-3
Let x(r) = -r**2 - 5*r - 2. Let p be (-2)/7 - 66/14. Let a = 2 + p. Determine x(a).
4
Let v(m) = 1. Let s(z) = z**2 - 2. Let n(x) = -s(x) - 3*v(x). Suppose -2 = 3*a + 1. Calculate n(a).
-2
Let n(w) = -3*w - 1. Let g be n(-2). Suppose 3*f + 0*f = -3*z + 18, -g*f + 14 = -3*z. Let t(p) = p**2 - 6*p + 6. Give t(f).
-2
Let k = 6 + -2. Let j(z) = -1 - z**2 - k*z + 3 + 0*z**2. What is j(-4)?
2
Let q(r) = 2 - 6*r + 0 + 2*r + 5*r. Determine q(3).
5
Let p(h) = -12*h**2 - 2*h + 1. Let s = -94 + 95. Determine p(s).
-13
Suppose 2*t = 6*t - 20. Let h(g) be the first derivative of -g**3/3 + 3*g**2 + 7*g + 2. Let s(a) be the first derivative of h(a). Determine s(t).
-4
Suppose 5*q + 30 - 85 = 0. Let o(k) = k - 23. Calculate o(q).
-12
Let s(i) = -5*i**2 + 3*i - 1. Let v = -3 - -3. Suppose -4*r + 2 = 3*x, v = -3*r - x - 2*x. Calculate s(r).
-15
Let f(i) be the third derivative of i**4/24 + i**3/6 + 3*i**2. Let d be f(3). Let g(v) = 1 + d*v + 0 - 1. Calculate g(-1).
-4
Let g(q) = q**3 + 4*q**2 - 4*q + 1. Let c be g(-5). Let h = 